tors of 1704768?
2, 3, 13, 683
List the prime factors of 1261580.
2, 5, 63079
List the prime factors of 5158124.
2, 1289531
List the prime factors of 1237625.
5, 9901
List the prime factors of 179836.
2, 44959
What are the prime factors of 25791?
3, 8597
List the prime factors of 5924508.
2, 3, 493709
List the prime factors of 205439.
13, 15803
What are the prime factors of 181019?
181019
List the prime factors of 4826838.
2, 3, 804473
List the prime factors of 483604.
2, 11, 29, 379
List the prime factors of 190858.
2, 95429
List the prime factors of 350036.
2, 87509
What are the prime factors of 23992406?
2, 17, 311, 2269
List the prime factors of 537111.
3, 19, 349
What are the prime factors of 2561496?
2, 3, 7, 79, 193
What are the prime factors of 16607269?
7, 2372467
What are the prime factors of 5092657?
5092657
What are the prime factors of 7478930?
2, 5, 79, 9467
List the prime factors of 3139521.
3, 7, 11, 13591
List the prime factors of 982285.
5, 71, 2767
List the prime factors of 361274.
2, 31, 5827
List the prime factors of 6392899.
6392899
List the prime factors of 414803.
414803
List the prime factors of 54646.
2, 89, 307
What are the prime factors of 2866891?
19, 150889
List the prime factors of 219682.
2, 109841
List the prime factors of 5094026.
2, 7, 197, 1847
List the prime factors of 2560693.
17, 31, 43, 113
List the prime factors of 31291.
13, 29, 83
List the prime factors of 168109.
168109
What are the prime factors of 120789?
3, 13421
What are the prime factors of 2686263?
3, 895421
List the prime factors of 1172828.
2, 293207
List the prime factors of 2664590.
2, 5, 41, 67, 97
List the prime factors of 371532.
2, 3, 7, 4423
What are the prime factors of 1908006?
2, 3, 318001
What are the prime factors of 3493727?
3493727
What are the prime factors of 8484229?
13, 233, 2801
List the prime factors of 144951.
3, 19, 2543
List the prime factors of 6748355.
5, 1349671
List the prime factors of 2085744.
2, 3, 19, 2287
List the prime factors of 534322.
2, 433, 617
List the prime factors of 852796.
2, 7, 19, 229
What are the prime factors of 187603?
13, 14431
What are the prime factors of 15992184?
2, 3, 13, 51257
List the prime factors of 1539677.
31, 49667
What are the prime factors of 576251?
13, 19, 2333
List the prime factors of 4297031.
4297031
What are the prime factors of 9925?
5, 397
What are the prime factors of 15567?
3, 5189
What are the prime factors of 140049?
3, 7, 13, 19
List the prime factors of 45733.
19, 29, 83
What are the prime factors of 915210?
2, 3, 5, 10169
List the prime factors of 36251.
36251
List the prime factors of 1471442.
2, 7, 61, 1723
What are the prime factors of 545147?
433, 1259
What are the prime factors of 289747?
37, 41, 191
What are the prime factors of 11724461?
7, 251, 6673
List the prime factors of 3855914.
2, 1927957
List the prime factors of 921301.
29, 31769
List the prime factors of 19276341.
3, 7, 43, 21347
What are the prime factors of 29445272?
2, 3680659
List the prime factors of 517891.
11, 23, 89
List the prime factors of 4414373.
17, 97, 2677
What are the prime factors of 1623675?
3, 5, 21649
List the prime factors of 61187.
7, 8741
List the prime factors of 838714.
2, 137, 3061
What are the prime factors of 1479627?
3, 6089
List the prime factors of 15294998.
2, 7647499
List the prime factors of 1012264.
2, 11, 11503
What are the prime factors of 451295?
5, 13, 53, 131
List the prime factors of 204524.
2, 51131
What are the prime factors of 53895?
3, 5, 3593
What are the prime factors of 7373293?
7373293
List the prime factors of 12370825.
5, 59, 8387
What are the prime factors of 770573?
770573
List the prime factors of 872091.
3, 11, 23, 383
List the prime factors of 10079316.
2, 3, 13, 2393
List the prime factors of 8780587.
47, 227, 823
What are the prime factors of 755922?
2, 3, 17, 7411
What are the prime factors of 4619830?
2, 5, 461983
What are the prime factors of 23672692?
2, 5918173
What are the prime factors of 280298?
2, 269, 521
List the prime factors of 521277.
3, 47, 3697
What are the prime factors of 303513?
3, 7, 97, 149
List the prime factors of 19700977.
17, 1158881
What are the prime factors of 3547783?
227, 15629
List the prime factors of 9508716.
2, 3, 7, 97, 389
List the prime factors of 487979.
487979
List the prime factors of 296677.
23, 12899
What are the prime factors of 5104063?
17, 300239
What are the prime factors of 39452?
2, 7, 1409
What are the prime factors of 2177940?
2, 3, 5, 36299
List the prime factors of 1558372.
2, 317, 1229
List the prime factors of 3935783.
23, 211, 811
What are the prime factors of 4733730?
2, 3, 5, 149, 353
What are the prime factors of 166625?
5, 31, 43
What are the prime factors of 2381056?
2, 71, 131
List the prime factors of 32156.
2, 8039
What are the prime factors of 1231774?
2, 615887
List the prime factors of 1665451.
1665451
List the prime factors of 527732.
2, 131933
What are the prime factors of 123312?
2, 3, 7, 367
List the prime factors of 1275527.
11, 17, 19, 359
List the prime factors of 2767062.
2, 3, 197, 2341
List the prime factors of 8000518.
2, 59, 67801
List the prime factors of 1511362.
2, 755681
What are the prime factors of 305468?
2, 76367
What are the prime factors of 5356927?
103, 52009
What are the prime factors of 2732470?
2, 5, 13, 21019
What are the prime factors of 51970?
2, 5, 5197
List the prime factors of 307700.
2, 5, 17, 181
List the prime factors of 1951099.
1951099
List the prime factors of 2044047.
3, 31, 709
List the prime factors of 3966894.
2, 3, 47, 521
List the prime factors of 41364.
2, 3, 383
What are the prime factors of 244666?
2, 71, 1723
What are the prime factors of 15243206?
2, 11, 19, 36467
What are the prime factors of 688423?
688423
What are the prime factors of 573567?
3, 191189
What are the prime factors of 6187854?
2, 3, 1031309
List the prime factors of 18795572.
2, 4698893
What are the prime factors of 524771?
13, 37, 1091
List the prime factors of 177412.
2, 17, 2609
List the prime factors of 12516138.
2, 3, 37, 18793
What are the prime factors of 17887094?
2, 17, 19, 27689
List the prime factors of 6394250.
2, 5, 25577
List the prime factors of 331848.
2, 3, 11, 419
List the prime factors of 12448314.
2, 3, 691573
List the prime factors of 990515.
5, 397, 499
What are the prime factors of 34512276?
2, 3, 1213, 2371
What are the prime factors of 7845364?
2, 17, 113, 1021
List the prime factors of 6706729.
73, 91873
What are the prime factors of 4379894?
2, 43, 50929
List the prime factors of 2023022.
2, 41, 24671
What are the prime factors of 4203?
3, 467
What are the prime factors of 2768018?
2, 11, 47, 2677
List the prime factors of 241013.
241013
What are the prime factors of 72820?
2, 5, 11, 331
List the prime factors of 21185617.
31, 683407
List the prime factors of 4422225.
3, 5, 58963
List the prime factors of 547539.
3, 229, 797
What are the prime factors of 218851?
89, 2459
List the prime factors of 600541.
311, 1931
What are the prime factors of 949051?
949051
List the prime factors of 828619.
11, 75329
What are the prime factors of 941602?
2, 19, 71, 349
List the prime factors of 3769684.
2, 89, 10589
What are the prime factors of 6986756?
2, 7, 19, 23, 571
What are the prime factors of 12146510?
2, 5, 19, 63929
List the prime factors of 3504898.
2, 1752449
List the prime factors of 1112158.
2, 107, 5197
What are the prime factors of 15013159?
7, 17, 67, 269
List the prime factors of 326035.
5, 197, 331
List the prime factors of 1799277.
3, 599759
List the prime factors of 3665661.
3, 683, 1789
List the prime factors of 16390221.
3, 109, 50123
List the prime factors of 274040.
2, 5, 13, 17, 31
List the prime factors of 1379528.
2, 172441
What are the prime factors of 137902?
2, 19, 191
List the prime factors of 693339.
3, 239, 967
List the prime factors of 234442.
2, 13, 71, 127
What are the prime factors of 835742?
2, 103, 4057
List the prime factors of 9947025.
3, 5, 11, 4019
List the prime factors of 207267.
3, 59, 1171
What are the prime factors of 251016?
2, 3, 10459
List the prime factors of 7287701.
7287701
List the prime factors of 14535268.
2, 11, 330347
List the prime factors of 346068.
2, 3, 9613
List the prime factors of